{"id":19,"date":"2023-06-05T15:25:29","date_gmt":"2023-06-05T13:25:29","guid":{"rendered":"http:\/\/qchiche.com\/?page_id=19"},"modified":"2025-08-22T15:54:16","modified_gmt":"2025-08-22T13:54:16","slug":"informatique","status":"publish","type":"page","link":"http:\/\/qchiche.com\/?page_id=19","title":{"rendered":"Informatique"},"content":{"rendered":"\n<h2 class=\"wp-block-heading has-text-align-center\">Informatique<\/h2>\n\n\n\n<p class=\"has-text-align-center\">L&#8217;activit\u00e9 a \u00e9t\u00e9 cr\u00e9\u00e9e pour la pratique des logiciels de base&nbsp;<br>(Windows, Word, Excel, Powerpoint, Internet &#8230;)&nbsp;<\/p>\n\n\n\n<p class=\"has-text-align-center\">Uniquement apr\u00e8s adh\u00e9sion annuelle, l\u2019association propose sur rendez-vous :<\/p>\n\n\n\n<p class=\"has-text-align-center\">&nbsp;&#8211; des cours individuels pour se familiariser avec les outils informatiques,<\/p>\n\n\n\n<p class=\"has-text-align-center\">&#8211; l&#8217;aide \u00e0 l&#8217;acc\u00e8s \u00e0 de nombreuses d\u00e9marches administratives en ligne,<\/p>\n\n\n\n<p class=\"has-text-align-center\">&#8211; le maintien en bon fonctionnement du mat\u00e9riel (nettoyage, mise \u00e0 jour etc. sans remplacement de pi\u00e8ce).<\/p>\n\n\n\n<p class=\"has-text-align-center\">L&#8217;adh\u00e9sion permet \u00e9galement d&#8217;acc\u00e9der \u00e0 plus de 40 fiches aide-m\u00e9moire sur le site internet et de participer \u00e0 la vie de l&#8217;association.<\/p>\n\n\n\n<p class=\"has-text-align-center\">Contact 07.66.62.58.80 (Laissez un message avec vos coordon\u00e9es)<\/p>\n","protected":false},"excerpt":{"rendered":"<p>Informatique L&#8217;activit\u00e9 a \u00e9t\u00e9 cr\u00e9\u00e9e pour la pratique des logiciels de base&nbsp;(Windows, Word, Excel, Powerpoint, Internet &#8230;)&nbsp; Uniquement apr\u00e8s adh\u00e9sion annuelle, l\u2019association propose sur rendez-vous : &nbsp;&#8211; des cours individuels pour se familiariser avec les outils informatiques, &#8211; l&#8217;aide \u00e0 l&#8217;acc\u00e8s \u00e0 de nombreuses d\u00e9marches administratives en ligne, &#8211; le maintien en bon fonctionnement du [&hellip;]<\/p>\n","protected":false},"author":1,"featured_media":0,"parent":0,"menu_order":0,"comment_status":"closed","ping_status":"closed","template":"template-full-width.php","meta":{"footnotes":""},"class_list":["post-19","page","type-page","status-publish","hentry"],"jetpack_sharing_enabled":true,"_links":{"self":[{"href":"http:\/\/qchiche.com\/index.php?rest_route=\/wp\/v2\/pages\/19","targetHints":{"allow":["GET"]}}],"collection":[{"href":"http:\/\/qchiche.com\/index.php?rest_route=\/wp\/v2\/pages"}],"about":[{"href":"http:\/\/qchiche.com\/index.php?rest_route=\/wp\/v2\/types\/page"}],"author":[{"embeddable":true,"href":"http:\/\/qchiche.com\/index.php?rest_route=\/wp\/v2\/users\/1"}],"replies":[{"embeddable":true,"href":"http:\/\/qchiche.com\/index.php?rest_route=%2Fwp%2Fv2%2Fcomments&post=19"}],"version-history":[{"count":9,"href":"http:\/\/qchiche.com\/index.php?rest_route=\/wp\/v2\/pages\/19\/revisions"}],"predecessor-version":[{"id":481,"href":"http:\/\/qchiche.com\/index.php?rest_route=\/wp\/v2\/pages\/19\/revisions\/481"}],"wp:attachment":[{"href":"http:\/\/qchiche.com\/index.php?rest_route=%2Fwp%2Fv2%2Fmedia&parent=19"}],"curies":[{"name":"wp","href":"https:\/\/api.w.org\/{rel}","templated":true}]}}